{"id":698,"date":"2024-09-03T18:49:46","date_gmt":"2024-09-03T16:49:46","guid":{"rendered":"http:\/\/josuti.hu\/?page_id=698"},"modified":"2024-09-03T18:49:46","modified_gmt":"2024-09-03T16:49:46","slug":"palyazat","status":"publish","type":"page","link":"https:\/\/josuti.hu\/?page_id=698","title":{"rendered":"P\u00e1ly\u00e1zat"},"content":{"rendered":"<h3 class=\"wp-block-heading\">GINOP-1.2.9-20-2021-06465<\/h3><p>A Heritage Land Kereskedelmi, Szolg\u00e1ltat\u00f3 Korl\u00e1tolt Felel\u0151ss\u00e9g\u0171 T\u00e1rsas\u00e1g eszk\u00f6zbeszerz\u00e9se GINOP-1.2.9-20-2021-06465 k\u00f3dsz\u00e1m\u00fa p\u00e1ly\u00e1zatot a Gazdas\u00e1gfejleszt\u00e9si Programok Ir\u00e1ny\u00edt\u00f3 Hat\u00f3s\u00e1ga 3 599&nbsp;794 Ft \u00f6sszeggel t\u00e1mogatta.<\/p><p>A projekt keret\u00e9ben megval\u00f3sult c\u00e9l s\u00fct\u0151ipari eszk\u00f6z\u00f6k beszerz\u00e9se, ami kiterjedt egy modernebb \u00e9s az eddigi mellett nagyobb teljes\u00edtm\u00e9ny\u0171 s\u00fct\u0151re, valamint sokkol\u00f3ra, h\u0171t\u0151berendez\u00e9sre, aszal\u00f3ra, s\u00fct\u0151tart\u00f3 kocsira \u00e9s egy\u00e9b kieg\u00e9sz\u00edt\u0151kre is.<\/p><h4 class=\"wp-block-heading\">A Projekt kezdet\u00e9t\u0151l a projekt befejez\u00e9sig terjed\u0151 id\u0151szakra meg\u00e1llap\u00edtott maxim\u00e1lis elsz\u00e1molhat\u00f3 \u00f6sszk\u00f6lts\u00e9ge 5 142 564 Ft. A T\u00e1mogat\u00e1s intenzit\u00e1sa: 70 %<\/h4><h4 class=\"wp-block-heading\">A projekt megval\u00f3s\u00edt\u00e1s\u00e1nak kezdete: 2022.02.16. A Projekt fizikai befejez\u00e9s\u00e9nektervezett napja: 2023.07.18. A p\u00e1ly\u00e1zat fizikai befejez\u00e9s\u00e9nek t\u00e9nyleges d\u00e1tuma: 2023.07.18.<\/h4><p>Egy j\u00f3 s\u00fct\u0151 nagyban befoly\u00e1solja a v\u00e9geredm\u00e9nyt mivel az \u00e1ltalunk k\u00e9sz\u00edtett tort\u00e1k, s\u00fctem\u00e9nyek t\u00e9sztaalapja mindenhol egyforma h\u0151m\u00e9rs\u00e9kletet produk\u00e1l\u00f3 s\u00fct\u0151t ig\u00e9nyelnek \u00e9s sajnos a mi jelenlegi s\u00fct\u0151ink ezt nem tudj\u00e1k. Z\u00f6lds\u00e9gek, gy\u00fcm\u00f6lcs\u00f6k tiszt\u00edt\u00e1sa szeletel\u00e9se, valamint k\u00fcl\u00f6nb\u00f6z\u0151 olajos magvak dar\u00e1l\u00e1sa, apr\u00edt\u00e1sa t\u00f6mbben \u00e9rkez\u0151 sajt reszel\u00e9se napi feladat, ez\u00e9rt ig\u00e9nyelt\u00fck a z\u00f6lds\u00e9gszeletel\u0151t illetve a KitcenAid apr\u00edt\u00f3 g\u00e9pet. A k\u00e9zi habver\u0151nk kiv\u00e1lt\u00e1s\u00e1ra pedig egy asztalra helyezhet\u0151, de m\u00e1r nagyobb kapacit\u00e1s\u00fa habver\u0151 robotg\u00e9pet v\u00e1s\u00e1roltunk, ami kisebb mennyis\u00e9gben t\u00e9sztadagaszt\u00e1s\u00e1ra is alkalmas. Ez a KitchenAid robotg\u00e9p 6.9l-es hab\u00fcstj\u00e9vel, er\u0151s motorj\u00e1val valamint kieg\u00e9sz\u00edt\u00e9sk\u00e9nt dagaszt\u00f3karral nagyon megfelel a mi ig\u00e9nyinknek is. Az ig\u00e9nyelt h\u0171t\u0151szekr\u00e9ny kifejezetten cukr\u00e1szh\u0171t\u0151k\u00e9nt lett tervezve. Nagy a befogad\u00f3 kapacit\u00e1sa \u00e9s kiv\u00e1ltunk vele t\u00f6bb egyszer\u0171 h\u00e1ztart\u00e1si h\u0171t\u0151t, amit jelenleg haszn\u00e1lunk. Ezen k\u00edv\u00fcl ez a h\u0171t\u0151 magas k\u00f6rnyezeti h\u0151m\u00e9rs\u00e9kletben is alacsony h\u0171t\u00e9si h\u0151fokot tud biztos\u00edtani.<\/p>","protected":false},"excerpt":{"rendered":"<p>GINOP-1.2.9-20-2021-06465 A Heritage Land Kereskedelmi, Szolg\u00e1ltat\u00f3 Korl\u00e1tolt Felel\u0151ss\u00e9g\u0171 T\u00e1rsas\u00e1g eszk\u00f6zbeszerz\u00e9se GINOP-1.2.9-20-2021-06465 k\u00f3dsz\u00e1m\u00fa p\u00e1ly\u00e1zatot a Gazdas\u00e1gfejleszt\u00e9si Programok Ir\u00e1ny\u00edt\u00f3 Hat\u00f3s\u00e1ga 3 599&nbsp;794 Ft \u00f6sszeggel t\u00e1mogatta. A projekt keret\u00e9ben megval\u00f3sult c\u00e9l s\u00fct\u0151ipari eszk\u00f6z\u00f6k beszerz\u00e9se, ami kiterjedt egy modernebb \u00e9s az eddigi mellett nagyobb teljes\u00edtm\u00e9ny\u0171 s\u00fct\u0151re, valamint sokkol\u00f3ra, h\u0171t\u0151berendez\u00e9sre, aszal\u00f3ra, s\u00fct\u0151tart\u00f3 kocsira \u00e9s egy\u00e9b kieg\u00e9sz\u00edt\u0151kre is. A Projekt kezdet\u00e9t\u0151l&hellip; <br \/> <a class=\"button small blue\" href=\"https:\/\/josuti.hu\/?page_id=698\">Read more<\/a><\/p>\n","protected":false},"author":1,"featured_media":0,"parent":0,"menu_order":0,"comment_status":"closed","ping_status":"closed","template":"","meta":{"footnotes":""},"class_list":["post-698","page","type-page","status-publish","hentry"],"_links":{"self":[{"href":"https:\/\/josuti.hu\/index.php?rest_route=\/wp\/v2\/pages\/698"}],"collection":[{"href":"https:\/\/josuti.hu\/index.php?rest_route=\/wp\/v2\/pages"}],"about":[{"href":"https:\/\/josuti.hu\/index.php?rest_route=\/wp\/v2\/types\/page"}],"author":[{"embeddable":true,"href":"https:\/\/josuti.hu\/index.php?rest_route=\/wp\/v2\/users\/1"}],"replies":[{"embeddable":true,"href":"https:\/\/josuti.hu\/index.php?rest_route=%2Fwp%2Fv2%2Fcomments&post=698"}],"version-history":[{"count":1,"href":"https:\/\/josuti.hu\/index.php?rest_route=\/wp\/v2\/pages\/698\/revisions"}],"predecessor-version":[{"id":699,"href":"https:\/\/josuti.hu\/index.php?rest_route=\/wp\/v2\/pages\/698\/revisions\/699"}],"wp:attachment":[{"href":"https:\/\/josuti.hu\/index.php?rest_route=%2Fwp%2Fv2%2Fmedia&parent=698"}],"curies":[{"name":"wp","href":"https:\/\/api.w.org\/{rel}","templated":true}]}}